{"id":12218,"date":"2019-10-03T07:56:51","date_gmt":"2019-10-03T07:56:51","guid":{"rendered":"https:\/\/grupac.es\/?page_id=12218"},"modified":"2019-10-03T08:30:58","modified_gmt":"2019-10-03T08:30:58","slug":"politique-de-confidentialite","status":"publish","type":"page","link":"https:\/\/grupac.es\/fr\/politique-de-confidentialite\/","title":{"rendered":"POLITIQUE DE CONFIDENTIALIT\u00c9"},"content":{"rendered":"<p>[vc_row row_type=\u00a0\u00bbrow\u00a0\u00bb use_row_as_full_screen_section=\u00a0\u00bbno\u00a0\u00bb type=\u00a0\u00bbfull_width\u00a0\u00bb oblique_section=\u00a0\u00bbno\u00a0\u00bb text_align=\u00a0\u00bbleft\u00a0\u00bb Overflow=\u00a0\u00bb\u00a0\u00bb triangle_shape=\u00a0\u00bbno\u00a0\u00bb padding_bottom=\u00a0\u00bb60&Prime; css_animation=\u00a0\u00bb\u00a0\u00bb overflow=\u00a0\u00bb\u00a0\u00bb][vc_column][vc_column_text]Se le informa que los datos personales que nos facilite voluntariamente, a trav\u00e9s de los distintos formularios de la web, ser\u00e1n tratados por GRUPO AGR\u00cdCOLA GRUPAC, S.A. con domicilio en&nbsp;C\/ REAL ORDEN DE LA MERCED 25 PTA 2 46540 &#8211; EL PUIG (VALENCIA), que cumple con las medidas de seguridad exigidas en la legislaci\u00f3n vigente en materia de Protecci\u00f3n de Datos de Car\u00e1cter Personal. La finalidad de dicho tratamiento es la descrita en cada uno de los formularios&nbsp; establecidos en la p\u00e1gina web en el que Usted nos haya facilitado sus datos.<\/p>\n<p>&nbsp;<\/p>\n<p>Los datos facilitados no ser\u00e1n cedidos a terceros salvo en los casos en que exista una obligaci\u00f3n legal, y se conservar\u00e1n durante el tiempo necesario para atender su solicitud, siempre y cuando no nos indique lo contrario ejerciendo su derecho de supresi\u00f3n, o durante el tiempo necesario para cumplir con las obligaciones legales y atender las posibles responsabilidades que pudieran derivar del cumplimiento de la finalidad para la que los datos fueron recabados.<\/p>\n<p>&nbsp;<\/p>\n<p>GRUPO AGR\u00cdCOLA GRUPAC, S.A. no elaborar\u00e1 ning\u00fan tipo de \u201cperfil\u201d, en base a la informaci\u00f3n facilitada. No se tomar\u00e1n decisiones automatizadas en base a perfiles.<\/p>\n<p>&nbsp;<\/p>\n<p>Asimismo, GRUPO AGR\u00cdCOLA GRUPAC, S.A. cancelar\u00e1 o rectificar\u00e1 los datos cuando resulten inexactos, incompletos o hayan dejado de ser necesarios para su finalidad, de conformidad con lo previsto en la legislaci\u00f3n vigente en materia de Protecci\u00f3n de Datos de Car\u00e1cter Personal.<\/p>\n<p>&nbsp;<\/p>\n<p>Mientras no nos comunique lo contrario, entenderemos que sus datos no han sido modificados, que usted se compromete a notificarnos cualquier variaci\u00f3n y que tenemos el consentimiento para utilizarlos a fin de poder fidelizar la relaci\u00f3n entre las partes.<\/p>\n<p>&nbsp;<\/p>\n<p>El usuario podr\u00e1 ejercer los derechos de acceso, rectificaci\u00f3n, supresi\u00f3n, oposici\u00f3n, limitaci\u00f3n del tratamiento, portabilidad de datos y a no ser objeto de decisiones individualizadas, automatizadas, en relaci\u00f3n con los datos objeto del tratamiento, ante el responsable del tratamiento en la direcci\u00f3n anteriormente mencionada, o por correo electr\u00f3nico a <u>dept.facturacion@grupac.es<\/u>, adjuntando copia de su DNI o documento equivalente. En caso de que no haya obtenido satisfacci\u00f3n en el ejercicio de sus derechos, podr\u00e1 presentar una reclamaci\u00f3n ante la <em>Autoridad de Control en materia Protecci\u00f3n de Datos competente, <\/em>siendo \u00e9sta la <em>Agencia Espa\u00f1ola de Protecci\u00f3n de Datos<\/em>, y cuyos datos de contacto est\u00e1n accesibles en <a href=\"https:\/\/sedeagpd.gob.es\/sede-electronica-web\/vistas\/formNuevaReclamacion\/reclamacion.jsf\">https:\/\/sedeagpd.gob.es\/sede-electronica-web\/vistas\/formNuevaReclamacion\/reclamacion.jsf<\/a>.<\/p>\n<p>&nbsp;<\/p>\n<p>GRUPO AGR\u00cdCOLA GRUPAC, S.A. adopta las medidas t\u00e9cnicas, organizativas y de seguridad correspondientes seg\u00fan la normativa vigente en materia de Protecci\u00f3n de Datos de Car\u00e1cter Personal. No obstante, no asume ninguna responsabilidad por los da\u00f1os y perjuicios derivados de alteraciones que terceros puedan causar en los sistemas inform\u00e1ticos, documentos electr\u00f3nicos o ficheros del usuario.<\/p>\n<p>&nbsp;<\/p>\n<p>De acuerdo con lo que establece la Ley 34\/2002, de Servicios de la Sociedad de la Informaci\u00f3n y el Comercio Electr\u00f3nico en su art\u00edculo 21, solicitamos su consentimiento para poder realizar comunicaciones publicitarias que consideremos puedan ser de su inter\u00e9s, por correo electr\u00f3nico o por cualquier otro medio de comunicaci\u00f3n electr\u00f3nica equivalente.[\/vc_column_text][\/vc_column][\/vc_row]<\/p>\n","protected":false},"excerpt":{"rendered":"<p>[vc_row row_type=\u00a0\u00bbrow\u00a0\u00bb use_row_as_full_screen_section=\u00a0\u00bbno\u00a0\u00bb type=\u00a0\u00bbfull_width\u00a0\u00bb oblique_section=\u00a0\u00bbno\u00a0\u00bb text_align=\u00a0\u00bbleft\u00a0\u00bb Overflow=\u00a0\u00bb\u00a0\u00bb triangle_shape=\u00a0\u00bbno\u00a0\u00bb padding_bottom=\u00a0\u00bb60&Prime; css_animation=\u00a0\u00bb\u00a0\u00bb overflow=\u00a0\u00bb\u00a0\u00bb][vc_column][vc_column_text]Se le informa que los datos personales que nos facilite voluntariamente, a trav\u00e9s de los distintos formularios de la web, ser\u00e1n tratados por GRUPO AGR\u00cdCOLA GRUPAC, S.A. con domicilio en&nbsp;C\/ REAL ORDEN DE LA MERCED&#8230;<\/p>\n","protected":false},"author":2,"featured_media":0,"parent":0,"menu_order":0,"comment_status":"closed","ping_status":"closed","template":"","meta":{"footnotes":""},"yoast_head":"<!-- This site is optimized with the Yoast SEO plugin v21.4 - https:\/\/yoast.com\/wordpress\/plugins\/seo\/ -->\n<title>POLITIQUE DE CONFIDENTIALIT\u00c9 - grupac.es<\/title>\n<meta name=\"robots\" content=\"index, follow, max-snippet:-1, max-image-preview:large, max-video-preview:-1\" \/>\n<link rel=\"canonical\" href=\"https:\/\/grupac.es\/fr\/politique-de-confidentialite\/\" \/>\n<meta property=\"og:locale\" content=\"fr_FR\" \/>\n<meta property=\"og:type\" content=\"article\" \/>\n<meta property=\"og:title\" content=\"POLITIQUE DE CONFIDENTIALIT\u00c9 - grupac.es\" \/>\n<meta property=\"og:description\" content=\"[vc_row row_type=\u00a0\u00bbrow\u00a0\u00bb use_row_as_full_screen_section=\u00a0\u00bbno\u00a0\u00bb type=\u00a0\u00bbfull_width\u00a0\u00bb oblique_section=\u00a0\u00bbno\u00a0\u00bb text_align=\u00a0\u00bbleft\u00a0\u00bb Overflow=\u00a0\u00bb\u00a0\u00bb triangle_shape=\u00a0\u00bbno\u00a0\u00bb padding_bottom=\u00a0\u00bb60&Prime; css_animation=\u00a0\u00bb\u00a0\u00bb overflow=\u00a0\u00bb\u00a0\u00bb][vc_column][vc_column_text]Se le informa que los datos personales que nos facilite voluntariamente, a trav\u00e9s de los distintos formularios de la web, ser\u00e1n tratados por GRUPO AGR\u00cdCOLA GRUPAC, S.A. con domicilio en&nbsp;C\/ REAL ORDEN DE LA MERCED...\" \/>\n<meta property=\"og:url\" content=\"https:\/\/grupac.es\/fr\/politique-de-confidentialite\/\" \/>\n<meta property=\"og:site_name\" content=\"grupac.es\" \/>\n<meta property=\"article:modified_time\" content=\"2019-10-03T08:30:58+00:00\" \/>\n<meta name=\"twitter:card\" content=\"summary_large_image\" \/>\n<meta name=\"twitter:label1\" content=\"Dur\u00e9e de lecture estim\u00e9e\" \/>\n\t<meta name=\"twitter:data1\" content=\"3 minutes\" \/>\n<script type=\"application\/ld+json\" class=\"yoast-schema-graph\">{\"@context\":\"https:\/\/schema.org\",\"@graph\":[{\"@type\":\"WebPage\",\"@id\":\"https:\/\/grupac.es\/fr\/politique-de-confidentialite\/\",\"url\":\"https:\/\/grupac.es\/fr\/politique-de-confidentialite\/\",\"name\":\"POLITIQUE DE CONFIDENTIALIT\u00c9 - grupac.es\",\"isPartOf\":{\"@id\":\"https:\/\/grupac.es\/fr\/#website\"},\"datePublished\":\"2019-10-03T07:56:51+00:00\",\"dateModified\":\"2019-10-03T08:30:58+00:00\",\"breadcrumb\":{\"@id\":\"https:\/\/grupac.es\/fr\/politique-de-confidentialite\/#breadcrumb\"},\"inLanguage\":\"fr-FR\",\"potentialAction\":[{\"@type\":\"ReadAction\",\"target\":[\"https:\/\/grupac.es\/fr\/politique-de-confidentialite\/\"]}]},{\"@type\":\"BreadcrumbList\",\"@id\":\"https:\/\/grupac.es\/fr\/politique-de-confidentialite\/#breadcrumb\",\"itemListElement\":[{\"@type\":\"ListItem\",\"position\":1,\"name\":\"Portada\",\"item\":\"https:\/\/grupac.es\/fr\/\"},{\"@type\":\"ListItem\",\"position\":2,\"name\":\"POLITIQUE DE CONFIDENTIALIT\u00c9\"}]},{\"@type\":\"WebSite\",\"@id\":\"https:\/\/grupac.es\/fr\/#website\",\"url\":\"https:\/\/grupac.es\/fr\/\",\"name\":\"grupac.es\",\"description\":\"Grupo Agricola\",\"potentialAction\":[{\"@type\":\"SearchAction\",\"target\":{\"@type\":\"EntryPoint\",\"urlTemplate\":\"https:\/\/grupac.es\/fr\/?s={search_term_string}\"},\"query-input\":\"required name=search_term_string\"}],\"inLanguage\":\"fr-FR\"}]}<\/script>\n<!-- \/ Yoast SEO plugin. -->","yoast_head_json":{"title":"POLITIQUE DE CONFIDENTIALIT\u00c9 - grupac.es","robots":{"index":"index","follow":"follow","max-snippet":"max-snippet:-1","max-image-preview":"max-image-preview:large","max-video-preview":"max-video-preview:-1"},"canonical":"https:\/\/grupac.es\/fr\/politique-de-confidentialite\/","og_locale":"fr_FR","og_type":"article","og_title":"POLITIQUE DE CONFIDENTIALIT\u00c9 - grupac.es","og_description":"[vc_row row_type=\u00a0\u00bbrow\u00a0\u00bb use_row_as_full_screen_section=\u00a0\u00bbno\u00a0\u00bb type=\u00a0\u00bbfull_width\u00a0\u00bb oblique_section=\u00a0\u00bbno\u00a0\u00bb text_align=\u00a0\u00bbleft\u00a0\u00bb Overflow=\u00a0\u00bb\u00a0\u00bb triangle_shape=\u00a0\u00bbno\u00a0\u00bb padding_bottom=\u00a0\u00bb60&Prime; css_animation=\u00a0\u00bb\u00a0\u00bb overflow=\u00a0\u00bb\u00a0\u00bb][vc_column][vc_column_text]Se le informa que los datos personales que nos facilite voluntariamente, a trav\u00e9s de los distintos formularios de la web, ser\u00e1n tratados por GRUPO AGR\u00cdCOLA GRUPAC, S.A. con domicilio en&nbsp;C\/ REAL ORDEN DE LA MERCED...","og_url":"https:\/\/grupac.es\/fr\/politique-de-confidentialite\/","og_site_name":"grupac.es","article_modified_time":"2019-10-03T08:30:58+00:00","twitter_card":"summary_large_image","twitter_misc":{"Dur\u00e9e de lecture estim\u00e9e":"3 minutes"},"schema":{"@context":"https:\/\/schema.org","@graph":[{"@type":"WebPage","@id":"https:\/\/grupac.es\/fr\/politique-de-confidentialite\/","url":"https:\/\/grupac.es\/fr\/politique-de-confidentialite\/","name":"POLITIQUE DE CONFIDENTIALIT\u00c9 - grupac.es","isPartOf":{"@id":"https:\/\/grupac.es\/fr\/#website"},"datePublished":"2019-10-03T07:56:51+00:00","dateModified":"2019-10-03T08:30:58+00:00","breadcrumb":{"@id":"https:\/\/grupac.es\/fr\/politique-de-confidentialite\/#breadcrumb"},"inLanguage":"fr-FR","potentialAction":[{"@type":"ReadAction","target":["https:\/\/grupac.es\/fr\/politique-de-confidentialite\/"]}]},{"@type":"BreadcrumbList","@id":"https:\/\/grupac.es\/fr\/politique-de-confidentialite\/#breadcrumb","itemListElement":[{"@type":"ListItem","position":1,"name":"Portada","item":"https:\/\/grupac.es\/fr\/"},{"@type":"ListItem","position":2,"name":"POLITIQUE DE CONFIDENTIALIT\u00c9"}]},{"@type":"WebSite","@id":"https:\/\/grupac.es\/fr\/#website","url":"https:\/\/grupac.es\/fr\/","name":"grupac.es","description":"Grupo Agricola","potentialAction":[{"@type":"SearchAction","target":{"@type":"EntryPoint","urlTemplate":"https:\/\/grupac.es\/fr\/?s={search_term_string}"},"query-input":"required name=search_term_string"}],"inLanguage":"fr-FR"}]}},"_links":{"self":[{"href":"https:\/\/grupac.es\/fr\/wp-json\/wp\/v2\/pages\/12218"}],"collection":[{"href":"https:\/\/grupac.es\/fr\/wp-json\/wp\/v2\/pages"}],"about":[{"href":"https:\/\/grupac.es\/fr\/wp-json\/wp\/v2\/types\/page"}],"author":[{"embeddable":true,"href":"https:\/\/grupac.es\/fr\/wp-json\/wp\/v2\/users\/2"}],"replies":[{"embeddable":true,"href":"https:\/\/grupac.es\/fr\/wp-json\/wp\/v2\/comments?post=12218"}],"version-history":[{"count":1,"href":"https:\/\/grupac.es\/fr\/wp-json\/wp\/v2\/pages\/12218\/revisions"}],"predecessor-version":[{"id":12219,"href":"https:\/\/grupac.es\/fr\/wp-json\/wp\/v2\/pages\/12218\/revisions\/12219"}],"wp:attachment":[{"href":"https:\/\/grupac.es\/fr\/wp-json\/wp\/v2\/media?parent=12218"}],"curies":[{"name":"wp","href":"https:\/\/api.w.org\/{rel}","templated":true}]}}

POLITIQUE DE CONFIDENTIALITÉ

<p>[vc_row row_type= »row » use_row_as_full_screen_section= »no » type= »full_width » oblique_section= »no » text_align= »left » Overflow= » » triangle_shape= »no » padding_bottom= »60&Prime; css_animation= » » overflow= » »][vc_column][vc_column_text]Se le informa que los datos personales que nos facilite voluntariamente, a través de los distintos formularios de la web, serán tratados por GRUPO AGRÍCOLA GRUPAC, S.A. con domicilio en&nbsp;C/ REAL ORDEN DE LA MERCED 25 PTA 2 46540 &#8211; EL PUIG (VALENCIA), que cumple con las medidas de seguridad exigidas en la legislación vigente en materia de Protección de Datos de Carácter Personal. La finalidad de dicho tratamiento es la descrita en cada uno de los formularios&nbsp; establecidos en la página web en el que Usted nos haya facilitado sus datos.</p>
<p>&nbsp;</p>
<p>Los datos facilitados no serán cedidos a terceros salvo en los casos en que exista una obligación legal, y se conservarán durante el tiempo necesario para atender su solicitud, siempre y cuando no nos indique lo contrario ejerciendo su derecho de supresión, o durante el tiempo necesario para cumplir con las obligaciones legales y atender las posibles responsabilidades que pudieran derivar del cumplimiento de la finalidad para la que los datos fueron recabados.</p>
<p>&nbsp;</p>
<p>GRUPO AGRÍCOLA GRUPAC, S.A. no elaborará ningún tipo de “perfil”, en base a la información facilitada. No se tomarán decisiones automatizadas en base a perfiles.</p>
<p>&nbsp;</p>
<p>Asimismo, GRUPO AGRÍCOLA GRUPAC, S.A. cancelará o rectificará los datos cuando resulten inexactos, incompletos o hayan dejado de ser necesarios para su finalidad, de conformidad con lo previsto en la legislación vigente en materia de Protección de Datos de Carácter Personal.</p>
<p>&nbsp;</p>
<p>Mientras no nos comunique lo contrario, entenderemos que sus datos no han sido modificados, que usted se compromete a notificarnos cualquier variación y que tenemos el consentimiento para utilizarlos a fin de poder fidelizar la relación entre las partes.</p>
<p>&nbsp;</p>
<p>El usuario podrá ejercer los derechos de acceso, rectificación, supresión, oposición, limitación del tratamiento, portabilidad de datos y a no ser objeto de decisiones individualizadas, automatizadas, en relación con los datos objeto del tratamiento, ante el responsable del tratamiento en la dirección anteriormente mencionada, o por correo electrónico a <u>dept.facturacion@grupac.es</u>, adjuntando copia de su DNI o documento equivalente. En caso de que no haya obtenido satisfacción en el ejercicio de sus derechos, podrá presentar una reclamación ante la <em>Autoridad de Control en materia Protección de Datos competente, </em>siendo ésta la <em>Agencia Española de Protección de Datos</em>, y cuyos datos de contacto están accesibles en <a href="https://sedeagpd.gob.es/sede-electronica-web/vistas/formNuevaReclamacion/reclamacion.jsf">https://sedeagpd.gob.es/sede-electronica-web/vistas/formNuevaReclamacion/reclamacion.jsf</a>.</p>
<p>&nbsp;</p>
<p>GRUPO AGRÍCOLA GRUPAC, S.A. adopta las medidas técnicas, organizativas y de seguridad correspondientes según la normativa vigente en materia de Protección de Datos de Carácter Personal. No obstante, no asume ninguna responsabilidad por los daños y perjuicios derivados de alteraciones que terceros puedan causar en los sistemas informáticos, documentos electrónicos o ficheros del usuario.</p>
<p>&nbsp;</p>
<p>De acuerdo con lo que establece la Ley 34/2002, de Servicios de la Sociedad de la Información y el Comercio Electrónico en su artículo 21, solicitamos su consentimiento para poder realizar comunicaciones publicitarias que consideremos puedan ser de su interés, por correo electrónico o por cualquier otro medio de comunicación electrónica equivalente.[/vc_column_text][/vc_column][/vc_row]</p>

<p>[vc_row row_type= »row » use_row_as_full_screen_section= »no » type= »full_width » oblique_section= »no » text_align= »left » Overflow= » » triangle_shape= »no » padding_bottom= »60&Prime; css_animation= » » overflow= » »][vc_column][vc_column_text]Se le informa que los datos personales que nos facilite voluntariamente, a través de los distintos formularios de la web, serán tratados por GRUPO AGRÍCOLA GRUPAC, S.A. con domicilio en&nbsp;C/ REAL ORDEN DE LA MERCED&#8230;</p>

<!-- This site is optimized with the Yoast SEO plugin v21.4 - https://yoast.com/wordpress/plugins/seo/ -->
<title>POLITIQUE DE CONFIDENTIALITÉ - grupac.es</title>
<meta name="robots" content="index, follow, max-snippet:-1, max-image-preview:large, max-video-preview:-1" />
<link rel="canonical" href="https://grupac.es/fr/politique-de-confidentialite/" />
<meta property="og:locale" content="fr_FR" />
<meta property="og:type" content="article" />
<meta property="og:title" content="POLITIQUE DE CONFIDENTIALITÉ - grupac.es" />
<meta property="og:description" content="[vc_row row_type= »row » use_row_as_full_screen_section= »no » type= »full_width » oblique_section= »no » text_align= »left » Overflow= » » triangle_shape= »no » padding_bottom= »60&Prime; css_animation= » » overflow= » »][vc_column][vc_column_text]Se le informa que los datos personales que nos facilite voluntariamente, a través de los distintos formularios de la web, serán tratados por GRUPO AGRÍCOLA GRUPAC, S.A. con domicilio en&nbsp;C/ REAL ORDEN DE LA MERCED..." />
<meta property="og:url" content="https://grupac.es/fr/politique-de-confidentialite/" />
<meta property="og:site_name" content="grupac.es" />
<meta property="article:modified_time" content="2019-10-03T08:30:58+00:00" />
<meta name="twitter:card" content="summary_large_image" />
<meta name="twitter:label1" content="Durée de lecture estimée" />
	<meta name="twitter:data1" content="3 minutes" />
<script type="application/ld+json" class="yoast-schema-graph">{"@context":"https://schema.org","@graph":[{"@type":"WebPage","@id":"https://grupac.es/fr/politique-de-confidentialite/","url":"https://grupac.es/fr/politique-de-confidentialite/","name":"POLITIQUE DE CONFIDENTIALITÉ - grupac.es","isPartOf":{"@id":"https://grupac.es/fr/#website"},"datePublished":"2019-10-03T07:56:51+00:00","dateModified":"2019-10-03T08:30:58+00:00","breadcrumb":{"@id":"https://grupac.es/fr/politique-de-confidentialite/#breadcrumb"},"inLanguage":"fr-FR","potentialAction":[{"@type":"ReadAction","target":["https://grupac.es/fr/politique-de-confidentialite/"]}]},{"@type":"BreadcrumbList","@id":"https://grupac.es/fr/politique-de-confidentialite/#breadcrumb","itemListElement":[{"@type":"ListItem","position":1,"name":"Portada","item":"https://grupac.es/fr/"},{"@type":"ListItem","position":2,"name":"POLITIQUE DE CONFIDENTIALITÉ"}]},{"@type":"WebSite","@id":"https://grupac.es/fr/#website","url":"https://grupac.es/fr/","name":"grupac.es","description":"Grupo Agricola","potentialAction":[{"@type":"SearchAction","target":{"@type":"EntryPoint","urlTemplate":"https://grupac.es/fr/?s={search_term_string}"},"query-input":"required name=search_term_string"}],"inLanguage":"fr-FR"}]}</script>
<!-- / Yoast SEO plugin. -->

POLITIQUE DE CONFIDENTIALITÉ - grupac.es

[vc_row row_type= »row » use_row_as_full_screen_section= »no » type= »full_width » oblique_section= »no » text_align= »left » Overflow= » » triangle_shape= »no » padding_bottom= »60&Prime; css_animation= » » overflow= » »][vc_column][vc_column_text]Se le informa que los datos personales que nos facilite voluntariamente, a través de los distintos formularios de la web, serán tratados por GRUPO AGRÍCOLA GRUPAC, S.A. con domicilio en&nbsp;C/ REAL ORDEN DE LA MERCED...
